13
Let l(b) = b**3 + 7*b**2 - 74*b - 366. Determine l(-5).
54
Let r(o) = o**2 + 9*o - 27. Determine r(-7).
-41
Let w(u) = u**3 + 16*u**2 + 29*u + 53. Determine w(-14).
39
Let r(c) = c**2 + 140*c - 546. Calculate r(-144).
30
Let u(i) = -2091*i - 12525. Give u(-6).
21
Let h(c) = 4*c**2 - 226*c + 322. Determine h(55).
-8
Let l(x) = 817*x - 1636. Determine l(2).
-2
Let b(a) = 2*a**2 + 5*a - 18. Give b(8).
150
Let n(l) = l**2 - 225*l + 6. Determine n(0).
6
Let c(j) = j**3 + 7*j**2 - 119*j - 771. What is c(-7)?
62
Let w(f) = 4*f - 4. Give w(4).
12
Let k(b) = b**3 - 3*b**2 - 27*b - 249. What is k(9)?
-6
Let z(l) = -66*l - 16. Determine z(-1).
50
Let p(v) = -v**2 - 45*v + 185. Give p(4).
-11
Let c(y) = -6*y**3 + 78*y**2 + 11. Give c(13).
11
Let w(a) = 55*a**2 - 2858*a - 88. Determine w(52).
16
Let a(j) = -15722*j + 78607. What is a(5)?
-3
Let g(y) = -339*y + 669. Give g(2).
-9
Let v(f) = -486*f + 978. Give v(2).
6
Let n(k) = -41330*k - 206652. Calculate n(-5).
-2
Let a(l) = l**3 - 20*l**2 + 84*l + 31. Determine a(6).
31
Let m(p) = 7*p + 118. What is m(-18)?
-8
Let i(g) = 2*g**2 - 337*g + 10866. Give i(125).
-9
Let c(q) = -147*q - 392. Determine c(-5).
343
Let y(c) = 25*c + 1450. What is y(-58)?
0
Let f(o) = -o**2 - 43*o - 352. What is f(-32)?
0
Let z(s) = -s**2 + 904*s - 23672. Determine z(27).
7
Let f(m) = 331*m + 1813. Give f(-7).
-504
Let x(u) = -412*u - 7756. Determine x(-19).
72
Let y(n) = -3*n**2 + 20*n - 46. Determine y(9).
-109
Let z(s) = 2352*s + 11876. Calculate z(-5).
116
Let c(x) = -164*x + 163. Calculate c(1).
-1
Let x(z) = -159*z - 1321. What is x(-9)?
110
Let c(m) = -m**3 + 5*m**2 - m + 21. What is c(5)?
16
Let v(b) = b**2 - 57*b + 77. Calculate v(56).
21
Let d(c) = 8*c**3 - 78*c**2 - 19*c - 13. Give d(10).
-3
Let f(i) = i**3 - 53*i**2 - 52*i - 62. What is f(54)?
46
Let k(t) = -5*t - 89. Determine k(22).
-199
Let r(i) = 186*i - 318. Determine r(1).
-132
Let x(y) = y**2 - 56*y - 552. What is x(65)?
33
Let t(u) = u**3 - 7*u**2 - 22*u - 32. Determine t(8).
-144
Let h(m) = -m + 138. What is h(0)?
138
Let a(o) = 13*o**2 - 58*o - 7. What is a(5)?
28
Let n(s) = 2*s**2 + 575*s + 16360. Calculate n(-32).
8
Let r(h) = 56*h**2 + 5*h - 6. Calculate r(1).
55
Let f(v) = 272*v + 2708. Calculate f(-10).
-12
Let c(f) = -f**3 - 12*f**2 + 10*f + 117. What is c(-12)?
-3
Let f(g) = 2614*g + 3. Determine f(0).
3
Let p(x) = 8*x**3 + 60*x**2 + 21*x - 50. Calculate p(-7).
-1
Let w(f) = 3*f**3 - 55*f**2 - 21*f + 49. Determine w(18).
-653
Let m(w) = 92*w + 27. Determine m(2).
211
Let b(w) = 2036*w - 26426. Calculate b(13).
42
Let j(o) = 5*o**2 - 72*o + 91. Give j(12).
-53
Let w(c) = -261*c + 1540. Determine w(6).
-26
Let t(l) = 2*l**2 - 54*l + 140. Determine t(3).
-4
Let j(o) = 6282*o - 6311. Give j(1).
-29
Let b(j) = j**3 - 43*j**2 + 469*j - 15. What is b(21)?
132
Let k(b) = -7*b**2 - 895*b - 1643. Calculate k(-126).
-5
Let i(l) = l**2 - 108*l + 2917. Determine i(53).
2
Let q(r) = 191*r - 9946. What is q(52)?
-14
Let w(a) = -2*a**3 + 10*a**2 + 5*a - 29. Calculate w(5).
-4
Let x(l) = -l**3 + 4*l**2 + 148*l - 797. Calculate x(6).
19
Let u(r) = 273*r - 9030. Determine u(33).
-21
Let d(u) = -2*u**3 - 42*u**2 - 24*u - 510. Calculate d(-21).
-6
Let s(c) = 27*c - 338. Calculate s(14).
40
Let x(d) = -d**3 + 23*d**2 - 68*d + 55. Give x(20).
-105
Let n(o) = -2*o**3 + 15*o**2 + 15*o + 6. Determine n(8).
62
Let y(q) = -296*q - 8530. What is y(-29)?
54
Let d(q) = -3*q**3 - 44*q**2 - 62*q + 10. Calculate d(-13).
-29
Let z(d) = -2*d**3 + d**2 + 28*d. What is z(4)?
0
Let t(q) = -q + 15. Determine t(6).
9
Let g(i) = 17*i - 206. What is g(16)?
66
Let p(f) = -2*f**2 - 3*f + 115. Give p(8).
-37
Let k(q) = q**3 + 7*q**2 - 4*q + 48. Determine k(-8).
16
Let h(v) = 59*v + 3288. What is h(-56)?
-16
Let z(o) = 56*o - 3. Calculate z(-1).
-59
Let h(i) = -265*i + 6884. Determine h(26).
-6
Let b(i) = 8*i**3 + 6*i**2 - i - 3. Give b(2).
83
Let p(q) = -10*q - 216. Determine p(-32).
104
Let o(m) = 18*m - 32. Calculate o(-7).
-158
Let z(s) = -266*s + 246. Give z(1).
-20
Let o(r) = -r**2 - 66*r - 1067. Give o(-29).
6
Let w(u) = -46*u**2 - 325*u + 1. Give w(-7).
22
Let n(z) = 26*z**2 + 319*z + 67. What is n(-12)?
-17
Let v(f) = -f**3 - 2*f**2 + 8. Calculate v(-2).
8
Let p(f) = f**3 - 5*f**2 - 38*f + 163. Give p(4).
-5
Let b(o) = -801*o - 23235. Give b(-29).
-6
Let a(f) = 2*f**3 - 65*f**2 + 252*f - 110. Give a(28).
-110
Let p(a) = a**3 + 122*a**2 + 429*a + 8601. What is p(-119)?
33
Let n(a) = 27*a - 1. What is n(-1)?
-28
Let n(l) = -l**3 - 117*l**2 - 128*l - 1386. Determine n(-116).
6
Let r(y) = 276*y - 10982. Determine r(40).
58
Let v(o) = 2*o**3 + 12*o**2 - 25*o - 15. Give v(-7).
62
Let i(d) = 25*d + 345. What is i(-16)?
-55
Let x(g) = -g**3 - 1231*g**2 + 6182*g - 13. Determine x(5).
-3
Let m(l) = l**3 + 10*l**2 - 20*l - 2. Determine m(-12).
-50
Let i(n) = -49*n + 14. Calculate i(-1).
63
Let j(k) = -2*k**3 + 29*k**2 - 10*k + 34. What is j(14)?
90
Let b(f) = 3*f**2 - 61*f + 34. Calculate b(5).
-196
Let z(k) = -17*k**2 - 5*k + 7. Determine z(4).
-285
Let i(u) = -108*u - 348. What is i(5)?
-888
Let n(v) = -v**3 + 19*v**2 - 81*v + 158. Calculate n(13).
119
Let k(s) = -s**3 - 22*s**2 + 47*s + 28. Give k(-24).
52
Let g(j) = -2*j**3 + 31*j**2 + 58*j - 119. Calculate g(17).
0
Let g(h) = 143*h**2 - 10*h + 9. Give g(1).
142
Let s(l) = 151*l + 1078. Give s(-7).
21
Let n(p) = -p**2 + 49*p - 222. What is n(39)?
168
Let k(v) = v**2 + 45*v + 123. Calculate k(-3).
-3
Let g(a) = 193*a - 624. Determine g(3).
-45
Let h(d) = -3*d**3 - 6*d**2 - 17*d - 24. What is h(-5)?
286
Let b(m) = -26*m - 36. Determine b(-4).
68
Let b(f) = -f**3 - 8*f**2 + 43*f - 10. Determine b(-12).
50
Let w(q) = 6*q**2 - 33*q - 39. Give w(-1).
0
Let z(r) = 1098*r + 8750. Give z(-8).
-34
Let n(r) = -2*r**3 + 34*r**2 - r - 39. Calculate n(17).
-56
Let p(g) = -g**2 + 48*g - 23. What is p(20)?
537
Let c(m) = -115*m + 320. What is c(3)?
-25
Let a(z) = -z**3 + z**2 + 2*z + 16. Calculate a(3).
4
Let l(g) = -3*g**2 + 517*g - 14224. What is l(138)?
-10
Let c(t) = -5*t**2 - 31*t - 25. Determine c(-5).
5
Let u(b) = -130*b - 1811. Calculate u(-11).
-381
Let d(f) = -2*f**2 - 71*f + 194. Determine d(-38).
4
Let r(l) = 2*l - 60. Calculate r(29).
-2
Let g(u) = u**2 - 18*u - 80. What is g(0)?
-80
Let z(u) = -7*u**3 - 260*u**2 - 33*u + 148. Determine z(-37).
0
Let s(a) = a**2 - 23*a + 61. Give s(12).
-71
Let s(t) = 800*t - 750. What is s(1)?
50
Let n(b) = 3*b**3 + 2*b**2 - 3*b + 9. What is n(-3)?
-45
Let i(r) = 193*r + 4041. Give i(-21).
-12
Let o(m) = m**2 - 18*m + 78. Determine o(10).
-2
Let r(m) = 50*m**3 - m**2 + 25*m - 38. Calculate r(2).
408
Let h(j) = -2*j**2 - 340*j + 2403. Give h(7).
-75
Let a(m) = 1639*m - 14725. Calculate a(9).
26
Let y(f) = -7*f**2 + 573*f - 391. What is y(81)?
95
Let z(d) = d**3 - 3*d**2 - 9. Calculate z(5).
41
Let n(f) = -2*f**3 - 240*f**2 - 243*f - 600. What is n(-119)?
-5
Let z(n) = 703*n - 12663. What is z(18)?
-9
Let i(v) = -460*v - 10616. Determine i(-23).
-36
Let t(y) = -y**3 + 3*y**2 + 21*y + 10. Calculate t(-3).
1
Let n(v) = -141*v - 3636. Determine n(-24).
-252
Let l(r) = 46*r + 334. What is l(-6)?
58
Let o(a) = 7*a**2 - 19*a + 5. Determine o(-2).
71
Let r(t) = -455*t + 11379. Give r(25).
4
Let m(j) = -39*j**2 - 10*j - 56. Give m(-4).
-640
Let j(p) = p**2 + 638*p - 9787. Determine j(15).
8
Let c(f) = f**2 + 472*f - 2839. Determine c(6).
29
Let r(d) = 236*d**2 - 45*d + 87. Calculate r(2).
941
Let l(z) = -4*z**2 - 10*z - 8. Give l(-7).
-134
Let l(w) = -w**2 + 3524*w - 31639. Calculate l(9).
-4
Let f(m) = -22*m + 2276. Give f(104).
-12
Let h(z) = -53*z + 1842. Determine h(34).
40
Let v(o) = -o**2 - 14*o + 38. Give v(-14).
38
Let y(l) = -7*l**2 + 218*l - 32. Give y(31).
-1
Let q(g) = g**3 - 16*g**2 + 6*g + 197. Calculate q(15).
62
Let a(c) = c**3 - 5*c**2 - 51*c + 143. Calculate a(9).
8
Let k(b) = -2*b**3 - 11*b**2 + 12*b + 80. What is k(-9)?
539
Let p(x) = -7*x**2 + 235*x - 157. What is p(33)?
-25
Let k(i) = -i**2 + 4*i - 2. Calculate k(9).
-47
Let v(u) = 2*u**3 + 19*u**2 - 3*u + 10. What is v(-10)?
-60
Let y(k) = -k**2 - 12*k + 34. Determine y(4).
-30
Let q(r) = -r**3 - 53*r**2 - 52*r + 27. Calculate q(-52).
27
Let t(c) = 28*c**3 - 94*c**2 - 12*c + 10. What is t(4)?
250
Let o(c) = -c**2 - 38*c - 257. Determine o(-9).
4